ulate the greatest common divisor of 4 and a.
2
Suppose 0*r + 23 = w + 5*r, w - 4*r = -13. Suppose -4*l - 3*c + 474 = 0, w*l + c + 0*c - 358 = 0. What is the greatest common factor of 80 and l?
40
Let y be 16/4 + 290 + 6. Calculate the greatest common divisor of 10 and y.
10
Let c(m) = -3*m + 261. Let a be c(-13). Calculate the greatest common divisor of a and 75.
75
Suppose -5810 + 6146 = 16*c. Let o = 8 + 6. Calculate the greatest common divisor of o and c.
7
Suppose 5*b - 3*w = -6*w + 499, -101 = -b - w. Suppose 0 = -135*i + 33*i + 4284. Calculate the highest common factor of i and b.
14
Let g be 5*1*(5 - -3). What is the greatest common divisor of 35 and g?
5
Let z be (12/2)/((-13)/((-2288)/12)). What is the greatest common divisor of z and 88?
88
Let z be ((-221)/(-34))/((-3)/(-6)). Let k = 11 - 7. Suppose -k*m - 26 = -6*m. Calculate the greatest common divisor of z and m.
13
Suppose 0 = 5*v - 44 - 66. Let f(j) = 87*j**3 + 4*j - 3. Let z be ((-20)/8 + 2)/(3/(-6)). Let r be f(z). Calculate the highest common factor of v and r.
22
Suppose 71*b + 296 = 79*b. Calculate the greatest common divisor of 4 and b.
1
Let m(x) = x**3 + 6 + 10*x**2 + 13 - 10*x - 5. Let y be m(-11). What is the greatest common factor of 24 and y?
3
Let c(h) = h - 1. Let f(q) = -7*q**2 + 1. Let r be f(-1). Let l be 4/1*(-9)/r. Let n be c(l). What is the greatest common factor of 40 and n?
5
Let b be (-94 - 1)*(-13)/(455/21). What is the highest common divisor of 228 and b?
57
Let h = 18 + -12. Let c be h/12 + 90/4. Calculate the highest common factor of c and 115.
23
Suppose -5*p = -h + 22, -9*p = -2*h - 7*p + 12. Let m(v) = v**3 + 7*v**2 + 6*v + 5. Let d be m(-6). What is the greatest common divisor of d and h?
1
Let i = -94 + 117. Calculate the greatest common factor of 437 and i.
23
Let y(z) = 2*z**2 - 7*z + 18. Let g be y(6). What is the greatest common factor of g and 528?
48
Suppose 31*f = 25*f + 7200. Calculate the greatest common divisor of f and 48.
48
Let f(y) = -9*y - 58. Let x be f(-8). Calculate the highest common factor of 938 and x.
14
Let p be (1*-6 - -4)*6. Let o be (1 + (-4)/p)*6. Calculate the greatest common divisor of 16 and o.
8
Suppose -3*p + 2303 = 2*m - 1951, p + 4*m - 1428 = 0. Suppose 5*d - 2*g - 1749 = 0, -3*g + p = 4*d + g. Calculate the highest common divisor of d and 39.
39
Let t(r) = -4*r + 6. Let y be t(-6). Let q = -4362 - -4422. What is the highest common factor of y and q?
30
Suppose 3*a = 11 + 31. Let q(r) = 25*r - 42. Let c be q(a). Calculate the greatest common divisor of c and 28.
28
Suppose 59 = 2*i - 3*l, -5*i + 4*i = 4*l - 46. Calculate the greatest common divisor of 136 and i.
34
Let b be 9 + -11 - 4/2. Let v be 8/b + 32*4. What is the greatest common factor of v and 18?
18
Suppose -2*j = 2*j - 76. What is the greatest common divisor of 247 and j?
19
Let m be 2*(-24)/10*(29 - 24). Let p = m + 27. Let g be (-1 - (-18)/(-4))*-6. What is the highest common divisor of g and p?
3
Let c(y) = -y - 4. Let l be c(-6). Let g(w) = -5 + 2*w**l - w**2 + 0*w - 3*w. Let x be g(10). What is the highest common factor of x and 13?
13
Let o be (-1)/(-9) + (-260)/(-90). Suppose 2*l = 0, 4*k + 7 = o*l + 59. Calculate the greatest common divisor of 65 and k.
13
Let v = 858 + -543. What is the highest common divisor of v and 21?
21
Suppose -8 = 2*c - 48. Suppose -j = -5*j - c. Let l be 3/(-6)*4*j. What is the greatest common factor of 20 and l?
10
Let b(h) = -7*h**2 - 503*h + 85. Let m be b(-72). Calculate the greatest common factor of m and 689.
13
Suppose 361 = 10*t - 239. Let h be (72/(-14))/(9/(-42)). Let m = 36 - h. Calculate the highest common divisor of m and t.
12
Suppose -5 = 2*d - 13. Suppose -x = d*x - 770. Suppose -2*b = 5*o - 10*o + 114, -4*b - 74 = -3*o. Calculate the greatest common divisor of x and o.
22
Let k = -20 + -6. Let j = k + 47. Calculate the greatest common factor of 84 and j.
21
Suppose 22*h = 15*h + 154. Let l(c) = 6*c**2 + c - 4. Let q be l(-4). What is the highest common divisor of q and h?
22
Let n = 37 + -22. Let q(c) = -37*c - 4. Let y be q(8). Let f be ((-12)/(-15))/(-2)*y. What is the greatest common factor of n and f?
15
Let d(h) = 172*h + 16. Let f be d(4). What is the greatest common factor of f and 64?
64
Suppose -4*g = -5*f - 5*g + 160, 2*g - 64 = -2*f. Suppose i = 2*i + b - f, -i + 5*b + 8 = 0. Calculate the greatest common factor of 4 and i.
4
Suppose d + 3713 = u, 2*u - 7219 - 203 = -2*d. What is the greatest common factor of u and 29?
29
Suppose 0 = 10*c - 34 + 14. Calculate the greatest common factor of c and 190.
2
Suppose 0 = -2*n + 16 + 18. Let y be n + -2 + 0 + -1. What is the highest common divisor of y and 84?
14
Let u = -2474 - -2572. What is the greatest common factor of 3822 and u?
98
Let p(l) = -7*l**3 + 2*l**2 + 3*l + 1. Suppose 10*w + 26 = 16. Let o be p(w). What is the greatest common factor of o and 21?
7
Let j = -196 - -200. What is the highest common factor of 64 and j?
4
Suppose 11*q + 49 = 18*q. Let u(r) = -r**3 - 3*r**2 + 5*r + 5. Let m be u(-4). What is the highest common divisor of m and q?
1
Let t(x) be the first derivative of x**3 + 3*x**2/2 - 6*x + 1. Let k be t(-7). Suppose 5*u - 6*u = -k. What is the greatest common divisor of u and 20?
20
Suppose -3 = 2*x - 7. Let a(m) = -2*m**2 + m**2 + 7*m**2 - x + m + 0*m. Let y be a(3). Calculate the highest common factor of y and 5.
5
Let u = -85 - -145. Suppose 0*c = -4*c + 4*l + 80, 0 = -4*c - 5*l + 35. Calculate the greatest common divisor of u and c.
15
Let x = -771 + 791. What is the greatest common divisor of 64 and x?
4
Let q(d) = -d**3 + 12. Let g be q(0). Let z = -3 + g. Suppose 0 = 17*s + 5*s - 198. Calculate the highest common divisor of z and s.
9
Let k be (-5)/(30/(-4))*6. Suppose 0 = -0*n - k*n. Suppose 0 = 5*i - 5*d - 10, -i + n*d = 2*d - 11. Calculate the highest common factor of i and 20.
5
Let k be (3 - (-74)/(-26)) + 999/13. Suppose -4*m + 10 = m. Suppose -8 = -m*d + 14. Calculate the highest common divisor of k and d.
11
Suppose 2*d - 30 = -3*d + 3*a, 5*d - 20 = 5*a. Calculate the highest common factor of 9 and d.
9
Let h(p) = -104*p - 1231. Let a be h(-12). What is the greatest common factor of 1411 and a?
17
Let n be 12/15 + 567/35 + -4. Calculate the highest common divisor of n and 481.
13
Suppose -4*g = -k + 7, 2*k + 13 = 5*k - 4*g. Suppose -k*r = -70 - 26. What is the highest common factor of 4 and r?
4
Suppose 9*w - 4864 = -7*w. What is the greatest common factor of w and 16?
16
Suppose g = -13*k + 8*k + 260, -3*k = 3*g - 756. What is the greatest common divisor of g and 20?
10
Suppose 0 = -5*q - 3*m + 8*m + 25, 2*m = -q - 10. Suppose q = -4*x + 12, -69 = -0*r - 4*r + x. Calculate the greatest common divisor of r and 45.
9
Let r(q) = -3 + 29*q - 17*q - 14*q + 29. Let k be r(13). Suppose -6*d + 2*d + 196 = k. Calculate the highest common divisor of 7 and d.
7
Let r(s) = s**3 - 5*s**2 - 80*s - 12. Let b be r(-6). Calculate the highest common divisor of 24 and b.
24
Suppose 4*w - a - 25 - 34 = 0, -4*w - a + 53 = 0. Suppose -3*v + 3 = -18. Calculate the greatest common factor of v and w.
7
Suppose -56 = -7*z + 3*z - 2*a, -44 = -4*z + a. Let n = z - 6. What is the highest common divisor of n and 12?
6
Let r be (-8 + 2 + 9)*65. What is the greatest common divisor of 78 and r?
39
Let b = 5 - 5. Let o be 1 + (-1 + b - 70). Let n be ((-2)/4)/(7/o). What is the highest common divisor of 25 and n?
5
Suppose z = -1 + 5. Suppose 5*d - z = 2*v, 2*v = -2*v + d + 28. Calculate the highest common divisor of v and 40.
8
Suppose 0 = -34*b - 10*b + 13156. Calculate the highest common divisor of 1 and b.
1
Suppose 4 = -10*i + 14*i, i = 2*a - 33. Calculate the highest common divisor of a and 221.
17
Let d be (448/7)/(-8) + 206. What is the highest common divisor of d and 88?
22
Let w(k) = k**3 - 4*k**2 + 3*k - 4. Let t be w(3). Let r be (-1)/t - (-75)/4. Calculate the greatest common factor of r and 76.
19
Let o = -43 + 7. Let d be 2/(-9) + 100/o. Let b be (-4)/(-6) - 328/d. Calculate the highest common divisor of 44 and b.
22
Let h = 901 + -685. What is the highest common factor of 90 and h?
18
Suppose 4*f = 4*x + 2*f - 160, -x + 5*f = -40. What is the greatest common divisor of x and 190?
10
Let b(n) = -70*n + 60. Let j be b(-4).